{"id":296,"date":"2014-02-09T22:24:38","date_gmt":"2014-02-09T22:24:38","guid":{"rendered":"http:\/\/slowavetommus.wpengine.com\/?page_id=296"},"modified":"2024-08-27T17:50:43","modified_gmt":"2024-08-27T17:50:43","slug":"about-1","status":"publish","type":"page","link":"https:\/\/normateca.colef.mx\/?page_id=296","title":{"rendered":"Responsables"},"content":{"rendered":"<p>\u00a0<\/p>\n<p>Normatividad Sustantiva: Secretar\u00eda General Acad\u00e9mica<\/p>\n<p>Normatividad Administrativa: Secretar\u00eda General de Planeaci\u00f3n y Desarrollo Institucional<br \/><br \/><br \/><\/p>\n\n\n<p><\/p>\n","protected":false},"excerpt":{"rendered":"<p>\u00a0 Normatividad Sustantiva: Secretar\u00eda General Acad\u00e9mica Normatividad Administrativa: Secretar\u00eda General de Planeaci\u00f3n y Desarrollo Institucional<\/p>\n","protected":false},"author":2,"featured_media":0,"parent":0,"menu_order":0,"comment_status":"closed","ping_status":"closed","template":"","meta":{"_acf_changed":false,"footnotes":""},"class_list":["post-296","page","type-page","status-publish","hentry"],"acf":[],"_links":{"self":[{"href":"https:\/\/normateca.colef.mx\/index.php?rest_route=\/wp\/v2\/pages\/296","targetHints":{"allow":["GET"]}}],"collection":[{"href":"https:\/\/normateca.colef.mx\/index.php?rest_route=\/wp\/v2\/pages"}],"about":[{"href":"https:\/\/normateca.colef.mx\/index.php?rest_route=\/wp\/v2\/types\/page"}],"author":[{"embeddable":true,"href":"https:\/\/normateca.colef.mx\/index.php?rest_route=\/wp\/v2\/users\/2"}],"replies":[{"embeddable":true,"href":"https:\/\/normateca.colef.mx\/index.php?rest_route=%2Fwp%2Fv2%2Fcomments&post=296"}],"version-history":[{"count":6,"href":"https:\/\/normateca.colef.mx\/index.php?rest_route=\/wp\/v2\/pages\/296\/revisions"}],"predecessor-version":[{"id":1043,"href":"https:\/\/normateca.colef.mx\/index.php?rest_route=\/wp\/v2\/pages\/296\/revisions\/1043"}],"wp:attachment":[{"href":"https:\/\/normateca.colef.mx\/index.php?rest_route=%2Fwp%2Fv2%2Fmedia&parent=296"}],"curies":[{"name":"wp","href":"https:\/\/api.w.org\/{rel}","templated":true}]}}